a(s).
-3
Let o(h) = -2*h - 1. Let t(d) = 7*d + 3. Let r(a) = 9*o(a) + 2*t(a). Calculate r(3).
-15
Let r(j) = j**3 - 4*j**2 + 3*j - 5. Let t(s) = -s**3 - 4*s**2 - 4*s - 5. Let p be t(-4). Let c = p + -7. What is r(c)?
7
Let p(y) = y + 1. Let l(j) = -j. Let d(i) = -2*l(i) - p(i). Calculate d(-1).
-2
Let u = 76 + -82. Let i(t) = 2*t**3 + 17*t**2 + 7*t + 15. Let p(w) = -3*w**3 - 25*w**2 - 10*w - 22. Let f(v) = -7*i(v) - 5*p(v). Determine f(u).
-1
Let a(x) = 2*x**2 - 3 + 2 - x**2 - 1. Suppose -25 = 2*o + 3*o, 5*l - 3*o = 0. Calculate a(l).
7
Let g(o) = -11*o**2 + 2*o + 2. Suppose -3*y - 17 = -2*m + 2*y, -3*m - 37 = 5*y. Let d(w) = 12*w**2 - 2*w - 3. Let x(p) = m*g(p) - 3*d(p). Determine x(1).
7
Suppose 24 = -2*o + 3*o + 5*l, 0 = o + l - 8. Let c(p) = -o + 0*p**2 - 4 + 6 + 3*p**2. Let w(d) = d**3 + 4*d**2 - d - 2. Let v be w(-4). What is c(v)?
10
Suppose -4*d - 12 = -4. Let b be (-3)/((-2)/(-18)*-3). Let j(f) = -13*f - 13. Let i(w) = -3*w - 3. Let l(s) = b*i(s) + d*j(s). Determine l(1).
-2
Let p(q) = -2*q - 1. Let c = 34 - 17. Let z(l) = -6*l - 4. Let g(v) = c*p(v) - 6*z(v). Give g(-6).
-5
Let f(d) = 2*d - 3. Let h be (6/4)/(2/8). Give f(h).
9
Let z(g) = g - 2. Let i be z(2). Let x(w) = -6*w**3 + 16*w + 61. Let q(a) = -a**3 + 3*a + 12. Let t(f) = 11*q(f) - 2*x(f). Give t(i).
10
Let d(g) = g - 5*g**2 - 2*g**2 + g**3 + 0*g**2 + 1. Calculate d(7).
8
Suppose -19 = -5*y + 3*h, 3*h - 16 = -y - y. Let f(k) = 7*k**2 - 3*k + 3. Let i(w) = 3*w**2 - w + 2. Let m(p) = 4*f(p) - 9*i(p). Give m(y).
4
Let n(b) = -4*b - 3. Let m be 1*-5 + (-10 - -12). Determine n(m).
9
Let n be (8/10)/(4/30). Let j = n + -1. Let s(b) = 2*b + 2*b - 2*b + 6 - b**2 + b. What is s(j)?
-4
Let q be 0/(-2 + 0 - -3). Suppose 0 = -p - q*p + 1. Let j(r) = -3*r**3 + r**2 + r - 1. What is j(p)?
-2
Let f(z) = -2*z**2 + 8. Let y(b) = -3*b**2 + 12. Let n(a) = -a**2 + 5*a + 6. Let j be n(7). Let r(k) = j*f(k) + 5*y(k). What is r(0)?
-4
Let r(k) = k + 3. Suppose -2*i + 5*w + 3 = 0, 0 = 4*i + w - 13 - 4. Let j = i - 8. Give r(j).
-1
Let s(q) = -1 + 6*q - 10*q + 0 + 2*q. Calculate s(2).
-5
Let m = 8 - 13. Let b(g) be the third derivative of g**4/8 + 2*g**3/3 + 5*g**2. Determine b(m).
-11
Let i(g) = -4 + 1 - 3*g + 7 + g**2 + g. Determine i(3).
7
Let u(y) = -4 + 10 + 3*y + 0*y + 0*y. What is u(-6)?
-12
Let v(o) = -o**2 - 5*o + 6. Let f be 5 + -4*2/4. Let m(k) = -k**2 + 2*k - 2. Let g be m(f). Determine v(g).
6
Let j be (-1)/(-4) + (-28)/(-16). Suppose 3*z - 17 = j*g, -3*g - 2 - 10 = 0. Let o(k) = 3 - 2*k - 1 + 2. Calculate o(z).
-2
Let a(y) = -25 + 8*y**3 + 9*y**2 + 17 + 7*y - 7*y**3. What is a(-8)?
0
Let v be (1 - (-2 + 3))/2. Let y be 1/(2 - (4 - 3)). Let n(f) = f - y - 4 + 2 + 4. Determine n(v).
1
Let h be (-56)/((-1)/((-4)/(-8))). Suppose -2*k - 5*k - h = 0. Let d(j) = j**2 + 4*j. Calculate d(k).
0
Let w = -5 + 17. Let n be (-8)/(-28) - w/(-7). Let d(o) = -o**3 + 0*o**3 + 0*o**2 - 3 - n*o**2 + 4*o + 5*o**2. Determine d(4).
-3
Let r(y) be the third derivative of 0*y - y**2 - 1/6*y**3 + 1/15*y**5 - 1/24*y**4 + 0. Let i be (2/(-3))/((-4)/(-6)). Calculate r(i).
4
Suppose -4 - 4 = -2*u. Let a(p) = -2 + 7*p**2 + p**3 - 7*p**2 - 5*p**2 + 5*p. Calculate a(u).
2
Let v(w) = 3 - 419*w + 417*w - 2. Suppose -2 = 3*l - 5. Determine v(l).
-1
Let s(r) be the second derivative of r**5/20 + r**4/12 - r**3/6 - 3*r**2/2 + 2*r. Determine s(0).
-3
Let l(p) = 8*p - 5 + 6*p**3 + 13*p**2 + p**3 - 4. Let b(s) = 3*s**3 + 6*s**2 + 4*s - 4. Let j(q) = 9*b(q) - 4*l(q). Determine j(3).
3
Let s(r) = r**2 - 6*r + 4. Let t be (2/(-4)*-10)/1. Give s(t).
-1
Let n be -1 - (-5 - (-10)/(-5)). Let m(t) = -t**2 + 3*t + 9. Let r(f) = f - 1. Let a(v) = -m(v) - 2*r(v). Calculate a(n).
-1
Let a(p) = p**2 + 3*p - 2. Suppose -4*o + 7*o + 12 = 0. What is a(o)?
2
Let h(m) be the third derivative of m**8/6720 + m**7/504 + m**6/240 + 7*m**5/120 + m**4/3 - 6*m**2. Let o(c) be the second derivative of h(c). What is o(-5)?
-8
Let c(m) = -4*m**3 + m**2 - m - 1. Let v(a) = -a - 10. Let y be v(-7). Let j be 2 - (-1)/(1/y). What is c(j)?
5
Let j = -6 + 3. Let z(a) be the second derivative of a**5/20 + a**4/6 + a**2/2 + 13*a. What is z(j)?
-8
Let m(i) be the third derivative of -i**5/60 + i**4/24 - i**3/3 - 2*i**2. Suppose -y + 2*z + 4 = -0*y, -5*y = 2*z - 8. Calculate m(y).
-4
Let r(x) = -2*x**3 - 2*x**2 + x - 1. Let c(y) = y**2 - 5*y + 4. Let n be c(3). Let z(s) = -4*s. Let m be z(n). Let u = 6 - m. Give r(u).
5
Suppose -f = -5*t + 7, -3*t + t + 2*f = 2. Let s(m) = -m**2 + 4*m - 2. Let l be s(t). Let z(y) = -6*y**l + 2 - 14*y**3 + 15*y**3 + 2. Calculate z(6).
4
Let f be 144/(-45) + 1/5. Let b(r) = r**3 + 5*r**2 - 3. Calculate b(f).
15
Suppose 0 = u + 5*x + 25, 9 = -u - 4*x - 11. Let w(c) = 37 - 10 + c - 19. What is w(u)?
8
Let h = 3 + -3. Let i be 2 - (-2 - -9) - h. Let v(a) = a**2 + 6*a - 1. Calculate v(i).
-6
Let h(r) = 3*r**2 + 8*r - 3. Let q(n) = -n**2 - 3*n + 1. Let o(i) = 3*h(i) + 8*q(i). Suppose 2*w = 10, -5*w = -3*t - 7*w + 13. Calculate o(t).
0
Suppose 0 - 4 = -k. Let h(o) = -2*o - k*o**2 - 3 + 1 + 5*o**2. Let a be (-1 - -4)/((-15)/10). Calculate h(a).
6
Suppose 3*v + 3*g - 54 = -2*v, -60 = -5*v - 5*g. Suppose 5*r = v + 6. Let s(q) = -4*q + 3. Give s(r).
-9
Let i(d) = d - 3. Let z be (9 + -5 - 3) + 2. Determine i(z).
0
Let u = -9 - -8. Let q be 4 + -1 + u*1. Let k(m) = -m**2 + m + 1. Give k(q).
-1
Let i(f) = -f - 7. Suppose 2*a = 6*a. What is i(a)?
-7
Let d(c) = c**2 + 6*c - 4. Let h be d(-7). Let b(g) = g**2 - g. Suppose 20 = -3*x - 2*x. Let q(f) = 5*f**2 - 8*f + 3. Let n(a) = x*b(a) + q(a). Calculate n(h).
0
Let b(j) = -j. Let y(i) = i**2 + 7*i + 2. Let o(g) = -5*b(g) - y(g). Let c be o(-3). Let a(w) be the second derivative of -w**3/6 - 3*w. Determine a(c).
5
Let y(b) = -b + 4. Suppose -20*u + 15 = -25*u. Calculate y(u).
7
Let y(b) = -b + 6. Let s be y(4). Let t(a) = a**2 + a + 1. Let h(n) = -5*n - 3*n**2 - 7 + n**3 + 4*n**2 + 3. Let m(z) = s*t(z) + h(z). Determine m(-2).
8
Let u(j) = 4*j + 6. Let k(l) = 7*l + 13. Let w(x) = 3*k(x) - 5*u(x). Calculate w(-7).
2
Let a(r) = r**3 - 20*r**2 + 36*r - 3. Let f be a(18). Let j(v) = 5*v + 3. Determine j(f).
-12
Let c(f) = 2*f**2 + 17*f - 9. Let v(n) = 3*n**2 + 25*n - 13. Let w(u) = -7*c(u) + 5*v(u). Give w(-7).
5
Let i(a) = 8*a + 2 + 5 + a**3 + 8*a**2 - 2 + 2. Let b(g) = g - 1. Let w be b(-6). Calculate i(w).
0
Let r(q) = q**3 - 3*q + 1. Suppose 0 = -5*s + 4*s - 6. Let b = s + 8. What is r(b)?
3
Suppose -3*s - 2*s + 20 = 0. Suppose -8 = -s*g, -3*p + 0*p = 5*g - 22. Let j(b) = b**3 - 4*b**2 + b + 4. Determine j(p).
8
Let u(f) = 4*f - 41. Let j(d) = -2*d + 21. Let z(p) = -5*j(p) - 3*u(p). Let i be z(8). Let c(t) be the second derivative of t**4/12 - t**3/3 + t. Give c(i).
0
Let j(c) be the second derivative of c**5/20 - 5*c**4/12 - c**3 + 9*c**2/2 - 5*c. Suppose -4*p - 6 = -30. Determine j(p).
9
Suppose -26 - 2 = -3*i + 4*h, 2*i = -3*h - 4. Let p be (-1)/i - 117/12. Let w = 4 + p. Let u(c) = -c**2 - 6*c + 1. What is u(w)?
1
Suppose -3*p - 4*o + 25 = 0, -p = -o - 0 + 1. Let c(a) = -3*a + 1. Give c(p).
-8
Suppose -4*t = 16, -5*c = 2*t - 3*t - 24. Suppose -4*k = -0*k - 12. Let w(b) = -c + b**k + 0*b**3 + 4 - 4*b - 4*b**2 - 1. Give w(5).
4
Let o(n) be the first derivative of -n**3/3 + 5*n**2/2 - 2*n + 2. Let c be 6/((-12)/14) - -10. What is o(c)?
4
Let u(l) = -6*l**3 - 2*l**2 - 8*l - 10. Let o(h) = 5*h**3 + 2*h**2 + 7*h + 9. Let v(z) = 7*o(z) + 6*u(z). Let y = 7 - 4. What is v(y)?
-3
Suppose 2*t + 24 = -4*y - t, 0 = -5*y - t - 30. Let b(j) = j**2 + 5*j. Give b(y).
6
Let l = 8 + -5. Suppose -3*y = -3 - l. Suppose 2*i + y*i = 0. Let d(u) = u**2 - 4. What is d(i)?
-4
Let h(i) be the second derivative of -i**4/2 + i**2/2 - 7*i. Suppose 3 = -4*t + t. Give h(t).
-5
Let t(n) = n**3 + 7*n**2 + 8*n + 5. Let d be t(-6). Let z = 3 + d. Let g(h) = h**2 + 3*h - 3. Calculate g(z).
1
Let o(l) be the third derivative of -5*l**4/24 + l**3/6 + 25*l**2. Determine o(1).
-4
Let w = 6 + -4. Let x(n) = -2*n + 3*n**2 - 4*n**2 + 1 + 2*n**w. Suppose 0*m + 2*m - 4 = 0. What is x(m)?
1
Let j(z) = z**2 - 3*z - 2. Let x be j(3). Let y(n) be the first derivative of 0*n**2 + 3*n**2 - 4 + 3*n + 0*n**2 - 2*n**2. Determine y(x).
-1
Let k(r) = 3*r**2 + 7*r + 0 + 6 - 2*r**2 - 1. Calculate k(-4).
-7
Let h(w) = 6*w - 3. Let z be (-24)/(-13) 